6*a = 2324. What are the prime factors of a?
2, 83
Suppose -4*p - z = 3*z - 76, 3*z = -4*p + 71. Suppose p*r + 417 = 17*r. List the prime factors of r.
139
Let g be 0 + 3*(-3 - -2) - -108. Let y = g + -56. List the prime factors of y.
7
Let m(n) = n**3 + 13*n**2 + 11*n - 18. Let q be m(-12). Let a(v) = -v**3 - 2*v**2 - 9*v + 9. What are the prime factors of a(q)?
3, 23
Suppose 80 = 3*f - 64. List the prime factors of f.
2, 3
Let x = -2 + 2. Suppose 0 = 4*r - 2*r - 128. Suppose -4*n + r + 28 = x. What are the prime factors of n?
23
Suppose -2731*r + 5136 = -2728*r. What are the prime factors of r?
2, 107
Suppose 2*y + 419 = -347. Let v = -223 - y. What are the prime factors of v?
2, 5
Let w(i) be the first derivative of -25*i**2/2 - 5*i + 17. List the prime factors of w(-4).
5, 19
Let t(u) be the second derivative of u**4/12 - u**3/6 + 11*u**2/2 - 117*u. Let i = 0 + -7. What are the prime factors of t(i)?
67
Let g(v) be the third derivative of -v**5/3 + v**4/6 + v**3/2 + 6*v**2. Let l be g(-1). What are the prime factors of (-3)/l + 488/14?
5, 7
Suppose -14 = 2*d + 5*t - 52, 0 = -d - t + 22. Let z(q) = -q**3 - 6*q**2 + q + 1. Let x be z(-6). Let w = x + d. What are the prime factors of w?
19
Suppose -2*o + y = -363, 9*o - 5*o + y = 717. What are the prime factors of o?
2, 3, 5
Let n(j) = 17*j - 3. Let t be n(2). Suppose t = -5*o + 161. List the prime factors of o.
2, 13
Suppose 32 - 5 = 4*l - 3*r, 5*r + 11 = l. Let g(y) = -y**3 + 6*y**2 - y + 6. Let c be g(l). Suppose c = -2*k + 4 + 10. What are the prime factors of k?
7
Let h(o) = 2*o + 6. Let z(r) = r + 3. Let i(p) = -4*h(p) + 7*z(p). Let y be i(-5). What are the prime factors of -25*1/(-2)*y?
5
Let j(v) = 2*v**3 - 46*v**2 - 2*v - 2. List the prime factors of j(24).
2, 19, 29
Let j be (-3)/(-1)*(-20)/(-12). Let s(u) = 14*u - 12. What are the prime factors of s(j)?
2, 29
Let a = -27 - -32. Suppose -a*i + 4 = -131. What are the prime factors of i?
3
Let f = 1 - -8. Let b(r) = r**2 - 2*r - 7. What are the prime factors of b(f)?
2, 7
Let h = 4966 + -2439. What are the prime factors of h?
7, 19
Suppose 2*x = n + n - 6, -2*n - 5*x + 20 = 0. Suppose n*m = 5*i - 385, -i + 4*m + 30 = -50. List the prime factors of i.
2, 19
Suppose -f + 1194 = -524. What are the prime factors of f?
2, 859
Let m = -33 - -41. Let n = 83 - m. What are the prime factors of n?
3, 5
Let q(t) = -t**2 + 3*t + 10. Let g be q(-4). Let n be (12/g)/(1/3). Let b = 75 + n. What are the prime factors of b?
73
Suppose -6 = -5*o + 19. Suppose -2*j = 3*d - 531, -o*d = 3*j - 246 - 640. What are the prime factors of d?
179
Let p(m) be the second derivative of m**3/6 - 7*m**2 + 9*m. Let x be p(16). Suppose -6*z = 4*k - x*z - 96, 3*k + 5*z - 76 = 0. What are the prime factors of k?
2, 11
Let h(m) = 48*m + 196. List the prime factors of h(25).
2, 349
Suppose 0 = 4*b - 8. Suppose -b*p + 589 = 39. Suppose 3*c = -68 + p. List the prime factors of c.
3, 23
Let a(h) = 16*h**3 - 9*h**2 + 31*h + 96. Let f(s) = -3*s**3 + 2*s**2 - 6*s - 19. Let n(w) = -2*a(w) - 11*f(w). What are the prime factors of n(7)?
2, 3
Let x be (-60)/(-14) + 12/(-42). Suppose y = -4*z + 44, -4*z - 231 = -x*y - 9*z. List the prime factors of y.
2
Let g(b) = b**2 - 2*b + 6. Let c be g(0). What are the prime factors of (-2 - (-62)/c) + (-1)/3?
2
Suppose -612*h = -606*h - 9852. What are the prime factors of h?
2, 821
Let b = 0 + -4. Let a(g) = 2*g**2 - g + 4. Let c be a(b). Suppose -3*w = -w - c. What are the prime factors of w?
2, 5
Let g = 30 + 61. Let d = 221 - g. List the prime factors of d.
2, 5, 13
Let d(u) = -u**3 + 8*u**2 - 6*u - 9. Let q be d(5). Let z(y) = -y**3 - y**2 + y - 26. Let o be z(0). Let p = o + q. What are the prime factors of p?
2, 5
Let s = -56 - -62. What are the prime factors of (-4220)/(-36) - s/27?
3, 13
Let a be 3/(-4)*(-10 + 2). Let s be (580/15)/(a/9). Suppose -40 - s = -2*k. List the prime factors of k.
7
Suppose -3*s - 85 = 5*i + 179, -i = -4*s - 352. List the prime factors of (13 + -28)*s/6.
2, 5, 11
Let i(y) = 124*y**2 - 4*y + 23. List the prime factors of i(4).
11, 181
Suppose -67 = -3*n + 125. Let u = n + 17. List the prime factors of u.
3
Let j = 509 + -313. Let n = j - 31. List the prime factors of n.
3, 5, 11
Let u(b) = -19*b**3 + b. Let l be u(1). Let s = l + 16. Let q(t) = -5*t**3 - t**2 + t + 4. What are the prime factors of q(s)?
2, 19
Suppose -13*k - 43962 = -47*k. List the prime factors of k.
3, 431
Suppose i = 3*i - 8. Suppose -2*x + 3*x = -i*v + 43, -2*x + 53 = -3*v. What are the prime factors of x?
31
Let t be (-5)/((-15)/(-12)) - -2. Let w be t + -10*(-1)/2. Suppose 0*d + w*d - 3*p = 9, 0 = 5*d + p - 39. What are the prime factors of d?
7
Suppose 7*z + 9006 = 37321. List the prime factors of z.
5, 809
Suppose -3*m = 2*i + 53, -2*m + 8 - 34 = i. Let a be 12/7 - 8/i. List the prime factors of ((-33)/a)/((-3)/4).
2, 11
Let f = 882 - 729. What are the prime factors of f?
3, 17
Let f(c) be the second derivative of 4*c**3 - 5*c. Let m be f(3). What are the prime factors of (90/m)/((-1)/(-4))?
5
Suppose -12 = 4*y, -3*n - n = 4*y - 356. Let s = n - 48. List the prime factors of s.
2, 11
Let x(y) = 2*y. Let i(s) = -4*s + 2. Let m(o) = -i(o) + 2*x(o). Let r = -3 - -10. List the prime factors of m(r).
2, 3
Suppose 0 = 3*i - 8*i - 45. Let h = 13 + i. Let t = 16 + h. List the prime factors of t.
2, 5
Suppose 0 = 4*l - 8 + 20. Let n(g) = g**2 - 1. Let s be n(l). Suppose s*f = 9*f - 25. List the prime factors of f.
5
Let d(k) = k**3 + 11*k**2 - 12*k + 9. Let u be d(-12). Let q = u + -13. What are the prime factors of (20 - -46)*q/(-6)?
2, 11
Suppose -1050 = -5*f + 5*t + 130, -2*f = -4*t - 482. Suppose 0 = -5*m + 8*m - f. What are the prime factors of m?
7, 11
Suppose 0 = w + s - 160, -2*w = w - 2*s - 480. Suppose -2*v + v = -w. Suppose 6*r = 2*r + v. What are the prime factors of r?
2, 5
Let o(i) = i**2 + 14*i + 15. Let k be o(-18). Suppose f - 105 = k. What are the prime factors of f?
2, 3
Let i(n) = 30*n**2 - 3*n - 2. Let d be i(-1). Suppose -3*y = -d - 83. What are the prime factors of y?
2, 19
Let b = 540 + 131. List the prime factors of b.
11, 61
Let v be (6/5)/((-24)/(-3520)). Suppose -9*n + v = -7*n. List the prime factors of n.
2, 11
Let r be 2*8/(3 - -1). What are the prime factors of -2*(-36)/8 - r?
5
Let x(f) = -2*f - 10. Let o(z) = 5*z + 19. Let w(k) = -3*o(k) - 7*x(k). Let l be w(13). Suppose l*r - 187 = -5*h + 2*r, 4*r = -4. List the prime factors of h.
37
Let c(v) be the second derivative of -13*v**3/6 - 21*v**2 - 11*v. What are the prime factors of c(-8)?
2, 31
Suppose -3*p + 5*h + 49 = 0, -25 = 2*h + 3*h. Let w be p - -24 - (-1 + 4). What are the prime factors of (6/3 - w)*-1?
3
Suppose 0 = u + 3*r - r, -4*r = -u. Suppose -z + u*z = 17. Let w = 45 + z. List the prime factors of w.
2, 7
Suppose 4*u - 66 = 3*w, 2*u - 4*u - 5*w + 46 = 0. Let h(n) = 2*n**2 - 25*n + 17. What are the prime factors of h(u)?
5, 43
Let s be -1*(-163 + 0 - 2). Let n = -43 - -51. Suppose -3*u - s = -n*u. What are the prime factors of u?
3, 11
Suppose 0 = 2*a - 3 - 1. Suppose -3*p = -a*o + 7, 2*o - p + 4*p - 13 = 0. List the prime factors of o.
5
Suppose -255*j + 16772 = -248*j. List the prime factors of j.
2, 599
Let k(j) = -j**3 - 4*j**2 + 6*j - 3. Suppose 0 = 4*y - 2*y - 2, q = -2*y - 3. Let n be k(q). Let l = 37 + n. What are the prime factors of l?
29
Let x(c) = -c**3 + c**2 - c + 46. Let a be x(0). Suppose 162 = 3*q - 3*f, 0 = -3*q - 2*f + 228 - a. What are the prime factors of q?
2, 29
Let x(j) = -2*j - 44. Let h be x(-12). List the prime factors of ((-55)/h)/((-3)/(-24)).
2, 11
Suppose -316 = -2*c + 4*c + 2*n, 5 = 5*n. Let b = c + 226. Let v = b + -30. List the prime factors of v.
37
Let p = 678 + -370. List the prime factors of p.
2, 7, 11
Suppose 4*y - 6017 = -7*y. What are the prime factors of y?
547
Let b = -117 + 287. What are the prime factors of b?
2, 5, 17
Let k = -13 - -13. Suppose k*w = -4*w - r + 113, 4*w - 5*r = 131. Suppose 1 = 5*l - w. List the prime factors of l.
2, 3
Let a = 284 - -485. What are the prime factors of a?
769
What are the prime factors of 24*(-791)/(-35) - (-2)/(-5)?
2, 271
Suppose -8*l - 239 = -1303. Suppose 0*x + 4*x = 2*b + 522, -b - l = -x. List the prime factors of x.
2
Suppose -14*t - n - 366 = -15*t, 0 = 4*t 